 and 2230.
2230
Calculate the greatest common factor of 8108 and 3954677.
2027
What is the greatest common factor of 3715705 and 3150?
35
What is the greatest common factor of 12 and 70322794?
2
What is the greatest common factor of 152 and 4403440?
152
Calculate the greatest common divisor of 739008 and 674208.
288
Calculate the highest common divisor of 10170 and 91002290.
1130
Calculate the highest common factor of 2285 and 3845.
5
Calculate the highest common divisor of 2638359 and 23199.
2109
Calculate the highest common factor of 381134 and 548.
274
Calculate the greatest common divisor of 3529365 and 315.
105
What is the greatest common factor of 949736 and 8?
8
Calculate the highest common factor of 6738 and 127614.
6
What is the highest common divisor of 9900 and 62179920?
1980
Calculate the greatest common divisor of 119024961 and 165.
33
Calculate the greatest common divisor of 2 and 52753642.
2
Calculate the greatest common factor of 2445 and 1672526700.
2445
What is the highest common divisor of 535948 and 364?
28
Calculate the greatest common factor of 942267 and 33611.
1159
What is the greatest common divisor of 4413681 and 8759?
19
What is the greatest common divisor of 28616 and 395528?
392
What is the greatest common divisor of 26481 and 245511?
21
What is the highest common divisor of 18 and 2998138?
2
What is the highest common factor of 595 and 19761565?
85
What is the greatest common divisor of 8344397 and 92999?
823
What is the greatest common divisor of 2046620 and 15345?
155
Calculate the greatest common divisor of 55797424 and 7.
1
Calculate the greatest common divisor of 112 and 470691844.
28
Calculate the highest common factor of 16000888 and 836.
76
Calculate the greatest common divisor of 635810 and 182.
14
What is the greatest common divisor of 4 and 8180806?
2
What is the highest common factor of 535885 and 91385?
35
Calculate the highest common factor of 1192 and 46047854.
298
What is the greatest common factor of 25 and 1684945?
5
What is the highest common divisor of 13059 and 2421?
9
What is the greatest common factor of 2396 and 148964?
4
What is the highest common factor of 11346273 and 537?
537
What is the highest common divisor of 3201 and 5410854?
291
What is the greatest common divisor of 437375 and 5625?
125
What is the greatest common divisor of 312 and 422838?
78
What is the greatest common divisor of 5204502 and 558?
18
What is the greatest common factor of 28280 and 241794?
1414
Calculate the highest common factor of 4398559 and 5797.
341
What is the greatest common divisor of 61799295 and 6?
3
What is the highest common factor of 25146 and 1138301?
127
What is the highest common divisor of 14808 and 57385936?
4936
What is the greatest common divisor of 2201486955 and 30?
15
What is the greatest common divisor of 86520 and 20820?
60
Calculate the highest common divisor of 3596 and 481739938.
1798
What is the greatest common divisor of 50282626 and 67450?
2698
What is the highest common factor of 62 and 276046723?
31
Calculate the greatest common divisor of 18473 and 6523985.
377
Calculate the greatest common divisor of 377 and 1495490009.
377
What is the greatest common factor of 12757098 and 6372?
354
Calculate the greatest common divisor of 54 and 12103155.
27
Calculate the highest common factor of 52 and 117274326.
26
Calculate the highest common factor of 527 and 482786281.
527
Calculate the highest common divisor of 513 and 16319062.
19
What is the greatest common divisor of 4544589 and 3411?
1137
What is the highest common divisor of 51887761 and 631?
631
Calculate the highest common factor of 2513064 and 3846.
6
Calculate the highest common factor of 20891318 and 751.
751
Calculate the highest common divisor of 1229148 and 798.
114
Calculate the greatest common divisor of 510 and 143530.
10
What is the greatest common divisor of 83903559 and 3123?
1041
Calculate the greatest common divisor of 36464594 and 346.
346
Calculate the greatest common divisor of 17203488 and 5424.
48
Calculate the highest common factor of 2889075 and 186375.
525
What is the greatest common factor of 782880 and 2129620?
4660
Calculate the greatest common divisor of 5726644 and 231.
77
What is the greatest common factor of 3444 and 737856336?
3444
Calculate the greatest common divisor of 780 and 31860.
60
What is the highest common divisor of 1078 and 22902649?
539
What is the greatest common factor of 8445086 and 104?
26
Calculate the highest common factor of 1976 and 200317.
247
Calculate the greatest common divisor of 312 and 344109896.
104
Calculate the highest common divisor of 12604212 and 870.
174
What is the highest common factor of 16582340 and 232?
4
What is the greatest common factor of 2403256 and 2305676?
2788
What is the highest common factor of 54366 and 4384827?
2091
What is the greatest common factor of 183077 and 856?
107
What is the greatest common divisor of 430687308 and 6?
6
Calculate the greatest common factor of 33542 and 591313.
541
Calculate the highest common factor of 72 and 210127320.
72
Calculate the highest common factor of 24 and 159184338.
6
Calculate the highest common divisor of 215 and 65191440.
215
What is the greatest common divisor of 608 and 111210268?
76
What is the highest common factor of 16939325 and 26?
13
Calculate the highest common divisor of 117941 and 25.
1
What is the greatest common factor of 5103 and 3864651?
21
What is the highest common factor of 766508 and 832?
4
Calculate the highest common factor of 421131 and 2519.
229
Calculate the highest common divisor of 13064 and 2186232.
568
What is the highest common divisor of 244733836 and 68?
68
Calculate the highest common divisor of 4828978 and 2002.
154
What is the highest common divisor of 19690 and 567788?
358
Calculate the highest common factor of 15203 and 495089.
661
Calculate the greatest common factor of 144 and 75332574.
18
Calculate the greatest common divisor of 750 and 1816044.
6
What is the greatest common factor of 168 and 202741476?
84
What is the highest common divisor of 203454 and 155928?
534
Calculate the greatest common divisor of 136 and 222195270.
34
What is the greatest common factor of 143169303 and 3855?
771
Calculate the highest common divisor of 822 and 11670.
6
Calculate the greatest common divisor of 452 and 15046289.
113
Calculate the greatest common divisor of 21243 and 386955407.
7081
Calculate the highest common factor of 18032 and 63940.
92
What is the highest common factor of 234047 and 21230?
11
What is the greatest common divisor of 15 and 105365400?
15
Calculate the highest common divisor of 3254637 and 5319.
591
Calculate the greatest common divisor of 3280 and 6576.
16
What is the greatest common divisor of 297395 and 22715?
35
What is the greatest common divisor of 50 and 593403570?
10
Calculate the greatest common divisor of 262914 and 82998.
174
Calculate the greatest common divisor of 14725904 and 10160.
2032
What is the highest common divisor of 3024 and 28777?
7
What is the greatest common factor of 11932 and 1122368?
76
Calculate the highest common factor of 2205 and 559510.
35
Calculate the highest common factor of 417599 and 1040291.
2471
Calculate the highest common factor of 62874 and 1000251.
63
Calculate the greatest common divisor of 90264 and 890646171.
11283
What is the greatest common divisor of 26248520 and 45?
5
What is the greatest common factor of 323 and 6691591?
323
Calculate the greatest common factor of 17175 and 33600.
75
What is the highest common divisor of 3553 and 210596?
323
Calculate the greatest common factor of 550 and 75708050.
550
What is the highest common factor of 1787750 and 7000?
250
What is the highest common divisor of 912 and 7174400?
304
What is the highest common factor of 2256 and 411324?
12
Calculate the greatest common factor of 306085994 and 1213.
1213
Calculate the greatest common factor of 472 and 973618.
118
What is the greatest common divisor of 38 and 31008862?
2
What is the highest common factor of 276367498 and 22?
22
Calculate the highest common factor of 134842 and 818.
2
What is the highest common divisor of 135256 and 218625?
583
What is the greatest common factor of 535487658 and 6018?
6018
What is the highes